re the prime factors of g?
3, 5
Let q = 140 + -4. Suppose -246 = -b + q. List the prime factors of b.
2, 191
Suppose -2*z = -5*z + 6. Let g be 2 + z + 25/5. Suppose -g*u + 284 = -364. List the prime factors of u.
2, 3
Suppose -98*w = -100*w + 14. What are the prime factors of ((-7)/7)/(w/(-1939))?
277
Suppose -2*q - 5*m = -19931 - 15799, 5*m - 17850 = -q. What are the prime factors of q?
2, 3, 5, 149
Let t(p) = -4*p + 74. Let f be t(14). Suppose -16*o = -f*o + 1414. List the prime factors of o.
7, 101
Suppose -13*s + 21*s = 32. Suppose -455 = -2*c - 5*x, -4*c + x + 889 = s*x. List the prime factors of c.
2, 5, 11
Suppose -9*w = -7*w + 2*m - 1868, w - 5*m - 958 = 0. Let d = -572 + w. List the prime factors of d.
2, 3, 61
Suppose 0 = 7*r - 5*r + 6. List the prime factors of 382 + 7/((-84)/(-8))*r.
2, 5, 19
Let p(h) = -2*h**3 - 99*h**2 - 148*h + 48. List the prime factors of p(-49).
3, 23, 71
Suppose -3*t + 5*t + 2*b = -30, 12 = -4*b. Let w(r) = -55*r + 194. What are the prime factors of w(t)?
2, 7, 61
Suppose -g = -3*g + 4*i + 24666, -37048 = -3*g - i. List the prime factors of g.
12347
Let w(h) = -2*h**3 - 3*h**2 - 6*h - 5. Let o be (-14)/(-133) - (-1592)/38. Let c = -45 + o. What are the prime factors of w(c)?
2, 5
Let l be (-4)/1 - (-2220)/(-37). Let j = 61 - 86. Let w = j - l. What are the prime factors of w?
3, 13
What are the prime factors of 54821 - (11/154*21 + (-39)/6)?
2, 79, 347
Let k be ((-5)/(-25)*0)/1. Suppose -3*s = -n + 297, 6*n - 2*n - 5*s - 1181 = k. What are the prime factors of n?
2, 3, 7
Let w = 802 - -4095. List the prime factors of w.
59, 83
What are the prime factors of (((-1)/2)/(6/54))/((-195)/110500)?
2, 3, 5, 17
Let t(s) = 6*s**2 - 37*s - 29. Let x be t(-21). Let j be 6/10 - (-8)/80*x. Suppose -3*w + j = 2*w. List the prime factors of w.
2, 17
Suppose 2*c - 5*a - 27456 = 4989, -35 = -5*a. List the prime factors of c.
2, 5, 7, 29
Let r be ((-13719)/(-102))/((-2)/(-4) + -1). Let g = r - -426. List the prime factors of g.
157
Suppose 16*q - 2 = -2. Suppose q = 4*b - 577 - 1283. List the prime factors of b.
3, 5, 31
Let k = -39 - -42. Suppose 2*f = k*z - 2 + 13, 3*z = -3*f + 9. Let q(g) = 7*g**2 - 6*g + 9. List the prime factors of q(f).
97
Let j(n) = 924*n + 1251. What are the prime factors of j(14)?
3, 4729
Let f = -5156 - -8153. What are the prime factors of f?
3, 37
List the prime factors of 10298 - (63/12 - 0 - (-20)/(-16)).
2, 5147
Let z = 7780 - 1923. What are the prime factors of z?
5857
Let k = -53 - 23. Let s = k - -78. Suppose s*j - 5*c = 155, 0 = 4*c - 16 - 4. List the prime factors of j.
2, 3, 5
Let s(n) = 1169*n**2 + 12*n - 31. Let b be s(3). Suppose -12*v - b = -50*v. List the prime factors of v.
277
Suppose -6*i + 4*i + 478104 = 10*i. What are the prime factors of i?
2, 11, 1811
Let d be (18/4 + -4)*398. Let k = d - 138. Suppose 17 = -f + k. List the prime factors of f.
2, 11
Suppose -167*s + 27328 = -163*s. List the prime factors of s.
2, 7, 61
Suppose 44 = 2*c - 40. Suppose c*d - 38*d - 3192 = 0. List the prime factors of d.
2, 3, 7, 19
Suppose 2*r + 951 = 3*b, -304 = -b - 0*b + 5*r. Suppose -3*a = 2*x + 658, -2*a = 4*x + b + 109. What are the prime factors of 2*2 + a/(-6)?
41
Let h(a) = -2*a**3 + 152*a**2 + 66*a - 1040. What are the prime factors of h(73)?
2, 41, 109
Suppose -138 + 190 = 13*m. List the prime factors of 40/32 - (-1791)/m.
449
Let r be -5 + (-6)/(24/(-148)). Suppose -r*v + 35*v - 1302 = 0. List the prime factors of v.
2, 7, 31
Suppose -5*i + 38*a - 43*a = -36095, -4*a = 5*i - 36099. List the prime factors of i.
31, 233
Let v(l) = 24*l**2 + 100*l - 17. Let h = -210 + 217. What are the prime factors of v(h)?
11, 13
Let k be 1/1*122/2*-1. Let y = 126 + k. List the prime factors of y.
5, 13
Suppose -16*v + 5*m = -15*v - 926, -5*v - 5*m = -4480. Suppose 2*o = 5*o. Suppose o = h + 4*h - 2*f - 1124, -4*h + f = -v. What are the prime factors of h?
2, 113
List the prime factors of (-147)/(225 + -228 + (-3675)/(-1226)).
2, 7, 613
Suppose 13*m + 190586 - 882663 = 5*j, 3*j = -21. List the prime factors of m.
2, 43, 619
Let o be -2*1/((-4)/14). Suppose -o*w = -3 - 11. List the prime factors of 82*(w/(-4) + 1).
41
Let v(k) = 395*k - 24. Let f be (-6)/(-9) + (-15)/9 + 3. What are the prime factors of v(f)?
2, 383
Let u = 8021 - 3345. List the prime factors of u.
2, 7, 167
Suppose -16*s + 254852 = 36*s. What are the prime factors of s?
13, 29
Let b = -8109 + 10136. What are the prime factors of b?
2027
What are the prime factors of 17929 - (-9 + 2 - -32)?
2, 3, 373
Suppose -24 + 80 = -28*b. Let o(u) = 210*u**2 - 5*u - 5. What are the prime factors of o(b)?
5, 13
Let b = 6511 - 1458. List the prime factors of b.
31, 163
What are the prime factors of (-9)/36 - 1254/8*-7?
1097
Let s be (5/2)/(-1) - 77/(-154). List the prime factors of (141/s)/(54/(-144)).
2, 47
Let b = 23137 + 4666. List the prime factors of b.
27803
Let r(s) = 4*s**2 - 20*s + 6. Let v be r(5). Suppose -2*f - 164 = -2*m, -2*m + 5*f - 337 = -v*m. List the prime factors of m.
83
Let o(t) = 2*t**3 - 8*t + 4*t - 52 + 7*t**3 - 24*t**2 + t**3 - 11*t**3. List the prime factors of o(-24).
2, 11
Let w(y) = -186*y**3 - 4*y**2 - 19*y - 15. What are the prime factors of w(-3)?
2, 3, 419
Suppose 0 = 3*f - u + 6*u - 87, 57 = 3*f - 5*u. Suppose f = 17*g - 10. Suppose m + g*o = 6*m - 926, -3*m = -o - 555. What are the prime factors of m?
2, 23
Let z(n) = -2*n**3 + 3*n**2 - 4*n + 4. Let h be z(2). Let l = -118 + 6. What are the prime factors of ((-42)/(-4) - 1)/(h/l)?
7, 19
Suppose 0 = 3*p + 5*y + 30, -4*p - 4*y = -2*y + 40. List the prime factors of (78/15)/((-2)/p).
2, 13
Let m(h) = 51*h**2 - 4*h + 3. Let z be m(2). Let o(t) = 16*t - 356. Let b be o(27). Let a = z - b. What are the prime factors of a?
3, 41
Suppose 328*b - 325*b = -4*r + 30240, 3*r = -5*b + 22691. What are the prime factors of r?
3, 11, 229
Let k = 667 + -400. Let y = k + -108. What are the prime factors of y?
3, 53
Let g(b) = 64*b**2 + 25*b - 73. Let a(z) = -z**3 + 7*z**2 - 11*z - 1. Let d be a(4). List the prime factors of g(d).
2, 17
Suppose 7*f - 23 = -30. List the prime factors of (13167/(-114))/(f/2).
3, 7, 11
Let b = 71291 - 49184. List the prime factors of b.
3, 7369
Suppose 0 = 92*n - 11*n - 882738. List the prime factors of n.
2, 5449
Let m(h) = -9*h + 126. Let z be m(26). List the prime factors of (-2 - -54)*(-4 + z/(-8)).
2, 13, 19
Suppose -113*o = 32*o - 2300089 + 388989. List the prime factors of o.
2, 5, 659
Suppose 0*z - z - 2 = 0. Let p be (-3 + 4)/(z - (-21)/12). List the prime factors of p + 6 + (1 - 0 - -13).
2
Let v = -304 + 564. Suppose -v = 4*c + c. Let h = c - -79. What are the prime factors of h?
3
Let v(w) = 8*w**2 - 20*w - 31. What are the prime factors of v(24)?
17, 241
Let h be (-768)/160 - (-6)/(-5). Let o(x) = x**2 - 3*x + 14. List the prime factors of o(h).
2, 17
Let h(f) = 10*f**2 - 11*f - 21. Let p be h(-12). Suppose 2*j - 22 + 16 = 0, -3*i + j = -p. List the prime factors of i.
2, 7, 37
Let u(s) = 179*s + 25. Let c be u(3). Let b = -295 + c. List the prime factors of b.
3, 89
Suppose 4*m - 48*m = -3652. Suppose -4476 = -m*i + 77*i. List the prime factors of i.
2, 373
Let h(p) be the third derivative of -p**4/24 - 2*p**3/3 + 5*p**2. Let m be h(-13). Suppose 2*v = 95 + m. List the prime factors of v.
2, 13
Let j be (-20 + 0)/(2/3). Let h be (-6)/10 + (672/j)/(-4). Suppose -h*p + r + 13 = -4*p, 4*r - 26 = -2*p. List the prime factors of p.
13
Suppose -4*i = -4*l - 1273 - 1699, 12 = -3*l. Let y = i + 294. What are the prime factors of y?
1033
Let m = -1230 - -7130. List the prime factors of m.
2, 5, 59
Let x = 270 + -247. Suppose 4267 = 5*p - x*v + 20*v, -v = 5*p - 4251. What are the prime factors of p?
23, 37
Suppose 2*s + 18 = 4*y, s = -s - 10. Let w be (-1)/y + (-2430)/(-20). Let i = w + -84. List the prime factors of i.
37
Let w(x) be the second derivative of x**4/6 - x**3/6 - x**2 - 4*x. Let r be 60/36*(6/(-5))/(-1). List the prime factors of w(r).
2
Suppose -5*j + 21 = -2*x - 0*x, j = -3*x + 11. Let s be (26*1 - (-3 + j))*-8. Let a = s + 284. List the prime factors of a.
2, 23
Let s(b) = -8*b**3 - 23*b**2 - 45*b + 6. List the prime factors of s(-14).
2, 5, 113
Let u = -36413 - -52422. List the prime factors of (-1 + -2)/(-10 + u/1603).
229
Suppose